 2*k. Determine w(1).
0
Let t = 10 - 5. Let i(h) be the first derivative of -t - 1/2*h**2 + 8*h. Calculate i(0).
8
Let m(a) = -a**3 + 5*a**2 - 7*a + 3. Suppose -d - 12*h - 9 = -9*h, 4*d - 3*h - 24 = 0. Determine m(d).
0
Suppose 0 = -2*d - 4*f - 3 - 5, 4*d - 5*f = 23. Suppose 11*j = d*j + 18. Let i(b) = 2*b**2 - 2*b - 1. Give i(j).
3
Let p = -14 - -9. Let n be 0*((-1 - -1) + -1). Let b(a) = a - a**2 - 3*a + n*a + 6 - 2*a. Calculate b(p).
1
Let q(x) = x + 13. Let p be q(-9). Let h = 10 - p. Let v(b) be the first derivative of b**2/2 + 2*b + 5. What is v(h)?
8
Suppose -29 + 165 = 17*q. Let s(m) = 2*m**2 - 18*m + 10. Determine s(q).
-6
Let r be -21 - 3/(-3)*(1 - 0). Let h = 15 + r. Let n(s) = s**3 + 4*s**2 - 6*s - 6. Calculate n(h).
-1
Let t = -129 + 134. Let h(a) = -a**3 + 4*a**2 + 6*a. Let i be h(t). Let q(k) = -k**2 + 5*k + 2. Give q(i).
2
Let f(q) = -q**3 + 25*q**2 + 24*q + 50. Let l = 773 - 747. Calculate f(l).
-2
Let o(v) = v**2 - 2*v - 7. Let h(k) = -2. Let f(w) = 3*h(w) - o(w). Determine f(2).
1
Suppose -7*g + 53 = 18. Let f(n) = -2 + 3 + 4*n**2 - 3*n - g*n**2. Calculate f(-4).
-3
Let p(f) = -5*f + 3. Suppose 0 = 12*t - 17*t + 15. Let l be 3 + (2 - t)/(-1). Determine p(l).
-17
Let f(j) = -94*j**2 + 8*j + 10 - 10*j + 95*j**2. Give f(5).
25
Let d = 1 - 2. Suppose 5*q = 6*q - 5. Let r(t) = 6*t**2 - t + 3. Let u(o) = 12*o**2 - 3*o + 7. Let b(l) = q*r(l) - 2*u(l). Give b(d).
6
Let f(z) = -z**3 + 10*z**2 + z - 12. Let o(y) = -6*y**2 + 0*y**2 + 10 + 7*y**2. Let q be o(0). Give f(q).
-2
Suppose -z - 10 = -3*z. Suppose z*t = -r + 30, 2*t + 3*t - 5*r = 0. Let c(j) = -j**3 + 6*j**2 - 5*j. Determine c(t).
0
Let w(s) be the third derivative of s**5/60 - s**4/3 + 2*s**3 + 2*s**2 + 36. Calculate w(10).
32
Let k(h) = 7*h + 3. Let z(o) = -15*o - 6. Let p(i) = 9*k(i) + 4*z(i). Determine p(-2).
-3
Let w be 3*-1 - (-28 + (-30 - -58)). Let i(m) = -4 + m - m**2 - m - m. Determine i(w).
-10
Suppose -34 + 44 = 2*r. Let q(u) = 2*u - 5. What is q(r)?
5
Let v = 7465 + -7465. Let u(y) = 4*y**2 - y + 4. Let w(p) = -5*p**2 + p - 5. Let j(r) = -6*u(r) - 5*w(r). Give j(v).
1
Let a(i) be the first derivative of i**3/3 + 5*i**2 - 2*i - 17. Let m(w) = w**2 + 11*w - 2. Let u(d) = 5*a(d) - 4*m(d). Give u(-5).
-7
Let n(h) be the first derivative of -3*h**2/2 - 7*h - 155. Determine n(-5).
8
Let j(q) be the first derivative of 5*q**3/3 + q**2 + q + 136. Give j(-1).
4
Let o(z) = z - 9. Let l be o(15). Let i be -1*((-3 - 1) + l). Let q(y) = -3*y**3 - 3*y**2 - 2*y. Give q(i).
16
Let c = -119 + 114. Let f(y) = 3*y**2 + 17*y - 15. Let d(k) = -k**2 - 6*k + 5. Let i(s) = -11*d(s) - 4*f(s). Determine i(c).
-10
Let s(f) = 50*f + 6. Let d(w) = -4*w - 1. Let c(l) = 12*d(l) + s(l). What is c(-9)?
-24
Suppose 54*r + 2 = 56*r + 2*t, -2 = 2*r + 4*t. Let c(f) be the second derivative of -f**3/6 - 3*f**2/2 - 5*f. What is c(r)?
-6
Let y(t) = -36*t - 5 + 29*t + 12*t. Determine y(3).
10
Let r(l) be the second derivative of -l**5/60 + l**4/12 - 5*l**2 - 15*l. Let k(n) be the first derivative of r(n). What is k(2)?
0
Let d(n) = 9*n + 2 + 0 + 10*n - 3*n - 23*n. What is d(-6)?
44
Let g(z) be the second derivative of -5*z**4/24 + z**3/2 + 5*z**2/2 + 13*z. Let y(l) be the first derivative of g(l). Calculate y(3).
-12
Let q(c) be the third derivative of c**6/120 + c**5/30 + c**4/12 + 29*c**3/6 - c**2 - 25*c. What is q(0)?
29
Let i(d) = d**3 + 12*d**2 - 4*d - 53. Let t be i(-12). Let r(u) = u**2 + 6*u + 3. What is r(t)?
-2
Let l(x) = 285*x - 2 - 282*x - 3. Let c be (36/3)/((-3)/(-2)). Calculate l(c).
19
Let n = -3 - -2. Let d(g) = -g**3 + 3*g**2 + 2*g. Let x be d(n). Let b(p) = 2 + 2*p - p**3 + 1 + 0*p**2 - x*p**2. Calculate b(-3).
6
Let n(k) = -k**2 - 7*k. Suppose -2*z = 2*z + 2*o + 26, 5*z = 2*o - 19. Determine n(z).
10
Let m(j) = -j - 5. Let l be (-4 + 3)/(92/32 + -3). What is m(l)?
-13
Let x = 667 + -670. Let k(q) = q**2 + 3*q - 7. Determine k(x).
-7
Suppose -43*i - 144 = -61*i. Let m(s) = -s**3 + 8*s**2 - 6*s - 2. Give m(i).
-50
Let t = 40 - 38. Let b(o) = o**2 + 1. Let w be b(1). Let d(k) = 0 + w*k + 3*k**2 - t + 1. Determine d(-2).
7
Let j(n) be the second derivative of -n**6/360 + n**5/40 - n**4/12 + n**3/6 - 2*n. Let o(h) be the second derivative of j(h). Give o(2).
0
Suppose -2*s + 8 = -3*p, 0*p + 16 = 4*s - 3*p. Let r = s + -1. Suppose 2 - 7 = -5*w, -5*w + r = -2*c. Let f(x) = -3*x**2 - x + 1. Determine f(c).
-3
Let p(z) = -z**2 - 6*z - 4. Let f(y) = -y**3 + 9*y**2 + 35*y + 10. Let k be f(12). Determine p(k).
4
Let k(s) be the third derivative of s**4/24 - s**3/3 - s**2. Suppose -24 = -4*j - 12, -36 = -5*y - 2*j. Calculate k(y).
4
Suppose p = r - 3*r + 8, -3*r = 3*p - 15. Suppose -s - 5*w = 2*s - 22, 8 = 2*s + p*w. Let n(j) = -j - 1. Calculate n(s).
0
Let r = -229 - -226. Let b(n) = -n**2 - 3*n + 1. Give b(r).
1
Suppose -3*q + 14 = 4*q. Let w(y) = -y + 2. What is w(q)?
0
Suppose -7*f = 5*n - 6*f - 3, -3*n - 3*f = -9. Let s be 116/(-16) + (-4)/(-16) + n. Let i(y) = y**2 + 8*y + 2. What is i(s)?
-5
Let y(h) = -4*h + 11. Let w = 36 - 26. Determine y(w).
-29
Let a(d) = 2*d + 2. Suppose 43 + 77 = 6*m. Let b be 6/(-9) + m/3 + -2. Determine a(b).
10
Let s(u) be the first derivative of -u**4/4 - 4*u**3/3 - u**2 - 2*u + 87. Determine s(-4).
6
Let w(c) be the third derivative of -c**6/120 - c**5/12 + c**4/8 + 7*c**3/6 - c**2 - 4*c. Give w(-6).
25
Let l(r) = -127 - 129 + 255 + 7*r. Give l(2).
13
Let i(d) = 3*d**2 + 4 - 2*d**2 - 2*d + d. Let z(u) = -3*u**2 - 65*u + 250. Let l be z(-25). Calculate i(l).
4
Let a(b) = b**3 + 1. Let v(k) = k**3 + 4*k**2 + 2*k - 1. Let h(s) = s**3 - 7*s**2 + 5*s + 4. Let r be h(6). Let p(l) = r*a(l) + v(l). What is p(2)?
9
Suppose -8*t + 4*t + 24 = 0. Let i = -6 + t. Let b(z) = -64*z - 9 + 64*z - z**3. What is b(i)?
-9
Let a(f) = f**3 - 14*f**2 + 14*f - 9. Let r be (-15 + 26/13)/((-1)/1). Give a(r).
4
Let x(p) = -2*p**3 + 2*p**2 + p + 5. Let z be x(0). Let r(v) = -v**3 + 6*v**2 - 4*v - 6. Calculate r(z).
-1
Let l(p) = -p**2 - 4719*p + 5 + 9446*p - 4721*p. Give l(6).
5
Let m(n) = -7*n**2 - 8*n + 13. Let a(t) = -4*t**2 - 4*t + 7. Suppose -s = -2*b + 2*s + 3, -3*s + 12 = 3*b. Let y(u) = b*m(u) - 5*a(u). What is y(-6)?
-8
Let j = 158 - 162. Let u(z) = z**3 + 4*z**2 + 2*z - 3. Give u(j).
-11
Let a(r) be the third derivative of -r**7/840 + r**6/90 + r**5/120 + r**4/8 + 2*r**3 - 9*r**2. Let h(x) be the first derivative of a(x). Determine h(4).
7
Let h be (3 + (-44)/12)/((-4)/(-264)). Let f = -44 - h. Let k(b) be the third derivative of -b**5/60 + b**4/24 - 17*b**3/6 + 2*b**2. What is k(f)?
-17
Let t(p) = -23*p + 51. Let w(d) = 27*d - 61. Let s(x) = 6*t(x) + 5*w(x). Let v(m) = -m**2 - 5*m + 7. Let k be v(-6). What is s(k)?
-2
Let c(v) = 4*v + 1. Let d(u) = 33*u + 25*u - 11 - 61*u. Let n be d(-3). Calculate c(n).
-7
Let f(s) = s - 26*s**2 - 7*s**2 - 11*s**2 + 12*s**2. Calculate f(1).
-31
Let l = 974 + -975. Let i(n) = -n**3 - n**2 - n + 1. Determine i(l).
2
Let o(l) = 4*l + 2. Let y(z) = -4*z - 2. Let i(b) = 3*o(b) + 2*y(b). Give i(-2).
-6
Let g(n) = -2*n**2 + 110*n - 585. Let x be g(6). Let i(m) be the third derivative of m**6/120 - m**5/15 + m**3/2 - m**2. What is i(x)?
-6
Suppose 247*m - 24 = 251*m. Let p(j) = -j**2 - j - 1. Let k(q) = 3*q**2 - 3*q + 4. Let r = -4 - -3. Let d(n) = r*k(n) - 4*p(n). Determine d(m).
-6
Let w be (-6)/(-51) + (-12)/102 - -3. Let s(n) = 8*n - 6*n - 5*n**3 + 4*n + 6 + 6*n**w + 7*n**2. Calculate s(-6).
6
Let r(f) = -f**3 + 10*f**2 + 14*f - 15. Let o be r(11). Let w = -14 + o. Let d(v) = 3*v - 6. Calculate d(w).
6
Let d(a) = 3*a**3 - a**2 + 2*a. Let y(h) = -10*h**3 + 4*h**2 - 7*h + 7. Let r(g) = 7*d(g) + 2*y(g). Give r(0).
14
Suppose -141*l + 143*l = 4, 5*u - 5*l + 10 = 0. Let w(j) = j**3 + j**2 + j - 4. Give w(u).
-4
Let d(c) = c - c**2 + c**3 - 36 + 42 + c**2. Suppose 10 = 3*y - 14. Let v(j) = 2*j - 16. Let i be v(y). Calculate d(i).
6
Let g(u) = -7*u - 10. Let i(q) = 38*q + 53. Let d(v) = -11*g(v) - 2*i(v). Give d(-13).
-9
Let i(j) = j**2 + 10*j + 22. Let b be i(-2). Let n(d) = 5*d - 2*d**3 + d**2 + d**2 + 8 + d**3 + 2*d**2. Calculate n(b).
-34
Let s(v) = -42*v - 255. Let k be s(-6). Let i(m) = m + 7. Determine i(k).
4
Let v be (2/4)/((-7)/(-56)). Suppose -v = -3*o + 2. Suppose -5*g + o = -18. Let n(d) = d**2 - 7*d + 6. Give n(g).
-6
Let b(h) be the se